{"id":5407,"date":"2024-10-02T15:58:34","date_gmt":"2024-10-02T15:58:34","guid":{"rendered":"https:\/\/creawtech.it.ao\/creawtechit\/?page_id=5407"},"modified":"2024-11-04T11:27:06","modified_gmt":"2024-11-04T11:27:06","slug":"gestao-de-dados-e-armazenamento","status":"publish","type":"page","link":"https:\/\/creawtech.it.ao\/creawtechit\/gestao-de-dados-e-armazenamento\/","title":{"rendered":"Gest\u00e3o de Dados e Armazenamento"},"content":{"rendered":"\t\t<div data-elementor-type=\"wp-page\" data-elementor-id=\"5407\" class=\"elementor elementor-5407\">\n\t\t\t\t\t\t<section class=\"elementor-section elementor-top-section elementor-element elementor-element-cb36d8b elementor-section-content-middle ot-traditional elementor-section-boxed elementor-section-height-default elementor-section-height-default wpr-particle-no wpr-jarallax-no wpr-parallax-no wpr-sticky-section-no elementor-invisible\" data-id=\"cb36d8b\" data-element_type=\"section\" data-settings=\"{&quot;background_background&quot;:&quot;classic&quot;,&quot;animation&quot;:&quot;fadeInRight&quot;}\">\n\t\t\t\t\t\t<div class=\"elementor-container elementor-column-gap-extended\">\n\t\t\t\t\t<div class=\"elementor-column elementor-col-33 elementor-top-column elementor-element elementor-element-6865e0c ot-flex-column-vertical elementor-invisible\" data-id=\"6865e0c\" data-element_type=\"column\" data-settings=\"{&quot;animation&quot;:&quot;slideInLeft&quot;,&quot;background_background&quot;:&quot;classic&quot;}\">\n\t\t\t<div class=\"elementor-widget-wrap elementor-element-populated\">\n\t\t\t\t\t\t<div class=\"elementor-element elementor-element-c2ff546 elementor-widget elementor-widget-image\" data-id=\"c2ff546\" data-element_type=\"widget\" data-widget_type=\"image.default\">\n\t\t\t\t<div class=\"elementor-widget-container\">\n\t\t\t\t\t\t\t\t\t\t\t\t\t<img decoding=\"async\" src=\"https:\/\/www.forte-systems.com\/wp-content\/uploads\/NetAppLogo.png\" title=\"\" alt=\"\" loading=\"lazy\" \/>\t\t\t\t\t\t\t\t\t\t\t\t\t<\/div>\n\t\t\t\t<\/div>\n\t\t\t\t\t<\/div>\n\t\t<\/div>\n\t\t\t\t<div class=\"elementor-column elementor-col-33 elementor-top-column elementor-element elementor-element-2a67f4c ot-flex-column-vertical elementor-invisible\" data-id=\"2a67f4c\" data-element_type=\"column\" data-settings=\"{&quot;animation&quot;:&quot;slideInRight&quot;}\">\n\t\t\t<div class=\"elementor-widget-wrap elementor-element-populated\">\n\t\t\t\t\t\t<div class=\"elementor-element elementor-element-2d63b13 elementor-widget elementor-widget-iheading\" data-id=\"2d63b13\" data-element_type=\"widget\" data-widget_type=\"iheading.default\">\n\t\t\t\t<div class=\"elementor-widget-container\">\n\t\t\t\t\t<div class=\"ot-heading\">\r\n\t        \t            <span>Gest\u00e3o de Dados e Armazenamento<\/span>\r\n\t        <h2 class=\"main-heading\">Solu\u00e7\u00f5es mais eficientes e econ\u00f3micas ao dispor da sua\nOrganiza\u00e7\u00e3o<\/h2>\t    <\/div>\r\n\t    \t\t<\/div>\n\t\t\t\t<\/div>\n\t\t\t\t\t<\/div>\n\t\t<\/div>\n\t\t\t\t<div class=\"elementor-column elementor-col-33 elementor-top-column elementor-element elementor-element-838ee41 ot-flex-column-vertical elementor-invisible\" data-id=\"838ee41\" data-element_type=\"column\" data-settings=\"{&quot;animation&quot;:&quot;slideInRight&quot;}\">\n\t\t\t<div class=\"elementor-widget-wrap\">\n\t\t\t\t\t\t\t<\/div>\n\t\t<\/div>\n\t\t\t\t\t<\/div>\n\t\t<\/section>\n\t\t\t\t<section class=\"elementor-section elementor-top-section elementor-element elementor-element-5bb2a70 elementor-section-content-middle ot-traditional elementor-section-boxed elementor-section-height-default elementor-section-height-default wpr-particle-no wpr-jarallax-no wpr-parallax-no wpr-sticky-section-no elementor-invisible\" data-id=\"5bb2a70\" data-element_type=\"section\" data-settings=\"{&quot;background_background&quot;:&quot;classic&quot;,&quot;animation&quot;:&quot;fadeInRight&quot;}\">\n\t\t\t\t\t\t<div class=\"elementor-container elementor-column-gap-extended\">\n\t\t\t\t\t<div class=\"elementor-column elementor-col-50 elementor-top-column elementor-element elementor-element-94a529c ot-flex-column-vertical elementor-invisible\" data-id=\"94a529c\" data-element_type=\"column\" data-settings=\"{&quot;animation&quot;:&quot;slideInLeft&quot;}\">\n\t\t\t<div class=\"elementor-widget-wrap elementor-element-populated\">\n\t\t\t\t\t\t<div class=\"elementor-element elementor-element-411779b elementor-widget elementor-widget-text-editor\" data-id=\"411779b\" data-element_type=\"widget\" data-widget_type=\"text-editor.default\">\n\t\t\t\t<div class=\"elementor-widget-container\">\n\t\t\t\t\t\t\t<p>O armazenamento \u00e9 a prioridade na maioria dos or\u00e7amentos de TI. No entanto, muitas organiza\u00e7\u00f5es est\u00e3o a comprar pelo menos 25% mais espa\u00e7o de armazenamento do que o necess\u00e1rio e assim reduzir a optimiza\u00e7\u00e3o da efici\u00eancia de TI. As organiza\u00e7\u00f5es necessitam gerir, processar e armazenar grandes quantidades de dados complexos. A CREAWTECH.IT e a NetApp podem ajud\u00e1-lo a obter o controlo dos seus dados e enfrentar os maiores desafios de neg\u00f3cio.<\/p><p>A CREAWTECH.IT atrav\u00e9s da sua parceria com a NetApp, cria solu\u00e7\u00f5es de armazenamento e de gest\u00e3o de dados que aumentam a efici\u00eancia e flexibilidade da sua TI. Proporciona uma infraestrutura de elevada qualidade capaz de economizar e melhorar o n\u00edvel de resposta das suas Organiza\u00e7\u00f5es. Consiga reduzir as suas despesas operacionais e de capital, enquanto supera a sua concorr\u00eancia. Com a protec\u00e7\u00e3o integrada de dados da NetApp, os nossos clientes t\u00eam disponibilidade ininterrupta de dados para ambientes de aplicativos empresariais, virtualizados e em nuvem.<\/p><p>\u00a0<\/p>\t\t\t\t\t\t<\/div>\n\t\t\t\t<\/div>\n\t\t\t\t\t<\/div>\n\t\t<\/div>\n\t\t\t\t<div class=\"elementor-column elementor-col-50 elementor-top-column elementor-element elementor-element-d071420 ot-flex-column-vertical elementor-invisible\" data-id=\"d071420\" data-element_type=\"column\" data-settings=\"{&quot;animation&quot;:&quot;slideInRight&quot;}\">\n\t\t\t<div class=\"elementor-widget-wrap elementor-element-populated\">\n\t\t\t\t\t\t<div class=\"elementor-element elementor-element-319a28e elementor-widget elementor-widget-image\" data-id=\"319a28e\" data-element_type=\"widget\" data-widget_type=\"image.default\">\n\t\t\t\t<div class=\"elementor-widget-container\">\n\t\t\t\t\t\t\t\t\t\t\t\t\t<img fetchpriority=\"high\" decoding=\"async\" width=\"2560\" height=\"1707\" src=\"https:\/\/creawtech.it.ao\/creawtechit\/wp-content\/uploads\/2024\/10\/pexels-sergei-starostin-15862958-6466141-scaled.webp\" class=\"attachment-full size-full wp-image-5339\" alt=\"\" srcset=\"https:\/\/creawtech.it.ao\/creawtechit\/wp-content\/uploads\/2024\/10\/pexels-sergei-starostin-15862958-6466141-scaled.webp 2560w, https:\/\/creawtech.it.ao\/creawtechit\/wp-content\/uploads\/2024\/10\/pexels-sergei-starostin-15862958-6466141-scaled-600x400.webp 600w, https:\/\/creawtech.it.ao\/creawtechit\/wp-content\/uploads\/2024\/10\/pexels-sergei-starostin-15862958-6466141-300x200.webp 300w, https:\/\/creawtech.it.ao\/creawtechit\/wp-content\/uploads\/2024\/10\/pexels-sergei-starostin-15862958-6466141-1024x683.webp 1024w, https:\/\/creawtech.it.ao\/creawtechit\/wp-content\/uploads\/2024\/10\/pexels-sergei-starostin-15862958-6466141-768x512.webp 768w, https:\/\/creawtech.it.ao\/creawtechit\/wp-content\/uploads\/2024\/10\/pexels-sergei-starostin-15862958-6466141-1536x1024.webp 1536w, https:\/\/creawtech.it.ao\/creawtechit\/wp-content\/uploads\/2024\/10\/pexels-sergei-starostin-15862958-6466141-2048x1365.webp 2048w, https:\/\/creawtech.it.ao\/creawtechit\/wp-content\/uploads\/2024\/10\/pexels-sergei-starostin-15862958-6466141-720x480.webp 720w\" sizes=\"(max-width: 2560px) 100vw, 2560px\" \/>\t\t\t\t\t\t\t\t\t\t\t\t\t<\/div>\n\t\t\t\t<\/div>\n\t\t\t\t\t<\/div>\n\t\t<\/div>\n\t\t\t\t\t<\/div>\n\t\t<\/section>\n\t\t<div class=\"elementor-element elementor-element-635f9eb e-flex e-con-boxed wpr-particle-no wpr-jarallax-no wpr-parallax-no wpr-sticky-section-no elementor-invisible e-con e-parent\" data-id=\"635f9eb\" data-element_type=\"container\" data-settings=\"{&quot;animation&quot;:&quot;fadeInUp&quot;}\">\n\t\t\t\t\t<div class=\"e-con-inner\">\n\t\t\t\t<div class=\"elementor-element elementor-element-02f7e00 elementor-widget elementor-widget-iheading\" data-id=\"02f7e00\" data-element_type=\"widget\" data-widget_type=\"iheading.default\">\n\t\t\t\t<div class=\"elementor-widget-container\">\n\t\t\t\t\t<div class=\"ot-heading\">\r\n\t        \t            <span>Vantagem competitiva<\/span>\r\n\t        \t    <\/div>\r\n\t    \t\t<\/div>\n\t\t\t\t<\/div>\n\t\t\t\t<div class=\"elementor-element elementor-element-2b22c92 elementor-widget elementor-widget-iheading\" data-id=\"2b22c92\" data-element_type=\"widget\" data-widget_type=\"iheading.default\">\n\t\t\t\t<div class=\"elementor-widget-container\">\n\t\t\t\t\t<div class=\"ot-heading\">\r\n\t        \t            <span>A CREAWTECH.IT juntamente com as solu\u00e7\u00f5es NetApp permite aos seus clientes:<\/span>\r\n\t        \t    <\/div>\r\n\t    \t\t<\/div>\n\t\t\t\t<\/div>\n\t\t\t\t<div class=\"elementor-element elementor-element-39f0e7e elementor-icon-list--layout-traditional elementor-list-item-link-full_width elementor-widget elementor-widget-icon-list\" data-id=\"39f0e7e\" data-element_type=\"widget\" data-widget_type=\"icon-list.default\">\n\t\t\t\t<div class=\"elementor-widget-container\">\n\t\t\t\t\t<ul class=\"elementor-icon-list-items\">\n\t\t\t\t\t\t\t<li class=\"elementor-icon-list-item\">\n\t\t\t\t\t\t\t\t\t\t\t<span class=\"elementor-icon-list-icon\">\n\t\t\t\t\t\t\t<svg aria-hidden=\"true\" class=\"e-font-icon-svg e-fas-check\" viewBox=\"0 0 512 512\" xmlns=\"http:\/\/www.w3.org\/2000\/svg\"><path d=\"M173.898 439.404l-166.4-166.4c-9.997-9.997-9.997-26.206 0-36.204l36.203-36.204c9.997-9.998 26.207-9.998 36.204 0L192 312.69 432.095 72.596c9.997-9.997 26.207-9.997 36.204 0l36.203 36.204c9.997 9.997 9.997 26.206 0 36.204l-294.4 294.401c-9.998 9.997-26.207 9.997-36.204-.001z\"><\/path><\/svg>\t\t\t\t\t\t<\/span>\n\t\t\t\t\t\t\t\t\t\t<span class=\"elementor-icon-list-text\">Reduzir o espa\u00e7o f\u00edsico do Data Center;<\/span>\n\t\t\t\t\t\t\t\t\t<\/li>\n\t\t\t\t\t\t\t\t<li class=\"elementor-icon-list-item\">\n\t\t\t\t\t\t\t\t\t\t\t<span class=\"elementor-icon-list-icon\">\n\t\t\t\t\t\t\t<svg aria-hidden=\"true\" class=\"e-font-icon-svg e-fas-check\" viewBox=\"0 0 512 512\" xmlns=\"http:\/\/www.w3.org\/2000\/svg\"><path d=\"M173.898 439.404l-166.4-166.4c-9.997-9.997-9.997-26.206 0-36.204l36.203-36.204c9.997-9.998 26.207-9.998 36.204 0L192 312.69 432.095 72.596c9.997-9.997 26.207-9.997 36.204 0l36.203 36.204c9.997 9.997 9.997 26.206 0 36.204l-294.4 294.401c-9.998 9.997-26.207 9.997-36.204-.001z\"><\/path><\/svg>\t\t\t\t\t\t<\/span>\n\t\t\t\t\t\t\t\t\t\t<span class=\"elementor-icon-list-text\">Aumentar a utiliza\u00e7\u00e3o de armazenamento e o desempenho do sistema de armazenamento;<\/span>\n\t\t\t\t\t\t\t\t\t<\/li>\n\t\t\t\t\t\t\t\t<li class=\"elementor-icon-list-item\">\n\t\t\t\t\t\t\t\t\t\t\t<span class=\"elementor-icon-list-icon\">\n\t\t\t\t\t\t\t<svg aria-hidden=\"true\" class=\"e-font-icon-svg e-fas-check\" viewBox=\"0 0 512 512\" xmlns=\"http:\/\/www.w3.org\/2000\/svg\"><path d=\"M173.898 439.404l-166.4-166.4c-9.997-9.997-9.997-26.206 0-36.204l36.203-36.204c9.997-9.998 26.207-9.998 36.204 0L192 312.69 432.095 72.596c9.997-9.997 26.207-9.997 36.204 0l36.203 36.204c9.997 9.997 9.997 26.206 0 36.204l-294.4 294.401c-9.998 9.997-26.207 9.997-36.204-.001z\"><\/path><\/svg>\t\t\t\t\t\t<\/span>\n\t\t\t\t\t\t\t\t\t\t<span class=\"elementor-icon-list-text\">Obter um excelente ROI (Retorno Sobre o Investimento);<\/span>\n\t\t\t\t\t\t\t\t\t<\/li>\n\t\t\t\t\t\t\t\t<li class=\"elementor-icon-list-item\">\n\t\t\t\t\t\t\t\t\t\t\t<span class=\"elementor-icon-list-icon\">\n\t\t\t\t\t\t\t<svg aria-hidden=\"true\" class=\"e-font-icon-svg e-fas-check\" viewBox=\"0 0 512 512\" xmlns=\"http:\/\/www.w3.org\/2000\/svg\"><path d=\"M173.898 439.404l-166.4-166.4c-9.997-9.997-9.997-26.206 0-36.204l36.203-36.204c9.997-9.998 26.207-9.998 36.204 0L192 312.69 432.095 72.596c9.997-9.997 26.207-9.997 36.204 0l36.203 36.204c9.997 9.997 9.997 26.206 0 36.204l-294.4 294.401c-9.998 9.997-26.207 9.997-36.204-.001z\"><\/path><\/svg>\t\t\t\t\t\t<\/span>\n\t\t\t\t\t\t\t\t\t\t<span class=\"elementor-icon-list-text\">Controlar o aumento de dados, visto que, a NetApp ajuda-o a transformar o problema da grande quantidade de dados em oportunidade, permitindo armazenar milhares de arquivos e petabytes de dados em um \u00fanico volume, com uma gest\u00e3o eficiente;<\/span>\n\t\t\t\t\t\t\t\t\t<\/li>\n\t\t\t\t\t\t\t\t<li class=\"elementor-icon-list-item\">\n\t\t\t\t\t\t\t\t\t\t\t<span class=\"elementor-icon-list-icon\">\n\t\t\t\t\t\t\t<svg aria-hidden=\"true\" class=\"e-font-icon-svg e-fas-check\" viewBox=\"0 0 512 512\" xmlns=\"http:\/\/www.w3.org\/2000\/svg\"><path d=\"M173.898 439.404l-166.4-166.4c-9.997-9.997-9.997-26.206 0-36.204l36.203-36.204c9.997-9.998 26.207-9.998 36.204 0L192 312.69 432.095 72.596c9.997-9.997 26.207-9.997 36.204 0l36.203 36.204c9.997 9.997 9.997 26.206 0 36.204l-294.4 294.401c-9.998 9.997-26.207 9.997-36.204-.001z\"><\/path><\/svg>\t\t\t\t\t\t<\/span>\n\t\t\t\t\t\t\t\t\t\t<span class=\"elementor-icon-list-text\">Ultrapassar as limita\u00e7\u00f5es pois pode expandir a sua infra-estrutura e assim realizar projectos que requerem elevadas e complexas quantidades de dados;<\/span>\n\t\t\t\t\t\t\t\t\t<\/li>\n\t\t\t\t\t\t\t\t<li class=\"elementor-icon-list-item\">\n\t\t\t\t\t\t\t\t\t\t\t<span class=\"elementor-icon-list-icon\">\n\t\t\t\t\t\t\t<svg aria-hidden=\"true\" class=\"e-font-icon-svg e-fas-check\" viewBox=\"0 0 512 512\" xmlns=\"http:\/\/www.w3.org\/2000\/svg\"><path d=\"M173.898 439.404l-166.4-166.4c-9.997-9.997-9.997-26.206 0-36.204l36.203-36.204c9.997-9.998 26.207-9.998 36.204 0L192 312.69 432.095 72.596c9.997-9.997 26.207-9.997 36.204 0l36.203 36.204c9.997 9.997 9.997 26.206 0 36.204l-294.4 294.401c-9.998 9.997-26.207 9.997-36.204-.001z\"><\/path><\/svg>\t\t\t\t\t\t<\/span>\n\t\t\t\t\t\t\t\t\t\t<span class=\"elementor-icon-list-text\">Ter acesso a uma equipa t\u00e9cnica local oficialmente certificada capaz de efectuar o levantamento, dimensionamento, defini\u00e7\u00e3o, instala\u00e7\u00e3o, controlo, manuten\u00e7\u00e3o e repara\u00e7\u00e3o do Portf\u00f3lio que se segue;<\/span>\n\t\t\t\t\t\t\t\t\t<\/li>\n\t\t\t\t\t\t\t\t<li class=\"elementor-icon-list-item\">\n\t\t\t\t\t\t\t\t\t\t\t<span class=\"elementor-icon-list-icon\">\n\t\t\t\t\t\t\t<svg aria-hidden=\"true\" class=\"e-font-icon-svg e-fas-check\" viewBox=\"0 0 512 512\" xmlns=\"http:\/\/www.w3.org\/2000\/svg\"><path d=\"M173.898 439.404l-166.4-166.4c-9.997-9.997-9.997-26.206 0-36.204l36.203-36.204c9.997-9.998 26.207-9.998 36.204 0L192 312.69 432.095 72.596c9.997-9.997 26.207-9.997 36.204 0l36.203 36.204c9.997 9.997 9.997 26.206 0 36.204l-294.4 294.401c-9.998 9.997-26.207 9.997-36.204-.001z\"><\/path><\/svg>\t\t\t\t\t\t<\/span>\n\t\t\t\t\t\t\t\t\t\t<span class=\"elementor-icon-list-text\">Um maior acompanhamento e apoio pela nossa equipa de pr\u00e9-venda NetApp, em Angola.<\/span>\n\t\t\t\t\t\t\t\t\t<\/li>\n\t\t\t\t\t\t<\/ul>\n\t\t\t\t<\/div>\n\t\t\t\t<\/div>\n\t\t\t\t\t<\/div>\n\t\t\t\t<\/div>\n\t\t<div class=\"elementor-element elementor-element-17f3c36 e-flex e-con-boxed wpr-particle-no wpr-jarallax-no wpr-parallax-no wpr-sticky-section-no e-con e-parent\" data-id=\"17f3c36\" data-element_type=\"container\">\n\t\t\t\t\t<div class=\"e-con-inner\">\n\t\t\t\t<div class=\"elementor-element elementor-element-ee986a2 elementor-widget elementor-widget-iheading\" data-id=\"ee986a2\" data-element_type=\"widget\" data-widget_type=\"iheading.default\">\n\t\t\t\t<div class=\"elementor-widget-container\">\n\t\t\t\t\t<div class=\"ot-heading\">\r\n\t        \t            <span>Portf\u00f3lio NETAPP<\/span>\r\n\t        \t    <\/div>\r\n\t    \t\t<\/div>\n\t\t\t\t<\/div>\n\t\t\t\t\t<\/div>\n\t\t\t\t<\/div>\n\t\t<div class=\"elementor-element elementor-element-14d935e e-flex e-con-boxed wpr-particle-no wpr-jarallax-no wpr-parallax-no wpr-sticky-section-no elementor-invisible e-con e-parent\" data-id=\"14d935e\" data-element_type=\"container\" data-settings=\"{&quot;animation&quot;:&quot;fadeInUp&quot;}\">\n\t\t\t\t\t<div class=\"e-con-inner\">\n\t\t<div class=\"elementor-element elementor-element-1db6473 e-con-full e-flex wpr-particle-no wpr-jarallax-no wpr-parallax-no wpr-sticky-section-no e-con e-child\" data-id=\"1db6473\" data-element_type=\"container\">\n\t\t\t\t<div class=\"elementor-element elementor-element-e1a9e70 elementor-position-top elementor-widget elementor-widget-image-box\" data-id=\"e1a9e70\" data-element_type=\"widget\" data-widget_type=\"image-box.default\">\n\t\t\t\t<div class=\"elementor-widget-container\">\n\t\t\t<div class=\"elementor-image-box-wrapper\"><figure class=\"elementor-image-box-img\"><img decoding=\"async\" width=\"275\" height=\"176\" src=\"https:\/\/creawtech.it.ao\/creawtechit\/wp-content\/uploads\/2024\/11\/Novo-Projeto-6.png\" class=\"attachment-full size-full wp-image-5705\" alt=\"\" \/><\/figure><div class=\"elementor-image-box-content\"><h3 class=\"elementor-image-box-title\">Armazenamento<\/h3><p class=\"elementor-image-box-description\">.<\/p><\/div><\/div>\t\t<\/div>\n\t\t\t\t<\/div>\n\t\t\t\t<\/div>\n\t\t<div class=\"elementor-element elementor-element-18ced49 e-con-full e-flex wpr-particle-no wpr-jarallax-no wpr-parallax-no wpr-sticky-section-no e-con e-child\" data-id=\"18ced49\" data-element_type=\"container\">\n\t\t\t\t<div class=\"elementor-element elementor-element-f5c3ce2 elementor-position-top elementor-widget elementor-widget-image-box\" data-id=\"f5c3ce2\" data-element_type=\"widget\" data-widget_type=\"image-box.default\">\n\t\t\t\t<div class=\"elementor-widget-container\">\n\t\t\t<div class=\"elementor-image-box-wrapper\"><figure class=\"elementor-image-box-img\"><img decoding=\"async\" width=\"275\" height=\"176\" src=\"https:\/\/creawtech.it.ao\/creawtechit\/wp-content\/uploads\/2024\/11\/Novo-Projeto-8.png\" class=\"attachment-full size-full wp-image-5708\" alt=\"\" \/><\/figure><div class=\"elementor-image-box-content\"><h3 class=\"elementor-image-box-title\">Protec\u00e7\u00e3o de dados<\/h3><p class=\"elementor-image-box-description\">.<\/p><\/div><\/div>\t\t<\/div>\n\t\t\t\t<\/div>\n\t\t\t\t<\/div>\n\t\t<div class=\"elementor-element elementor-element-b3b8177 e-con-full e-flex wpr-particle-no wpr-jarallax-no wpr-parallax-no wpr-sticky-section-no e-con e-child\" data-id=\"b3b8177\" data-element_type=\"container\">\n\t\t\t\t<div class=\"elementor-element elementor-element-cd304e6 elementor-position-top elementor-widget elementor-widget-image-box\" data-id=\"cd304e6\" data-element_type=\"widget\" data-widget_type=\"image-box.default\">\n\t\t\t\t<div class=\"elementor-widget-container\">\n\t\t\t<div class=\"elementor-image-box-wrapper\"><figure class=\"elementor-image-box-img\"><img loading=\"lazy\" decoding=\"async\" width=\"275\" height=\"176\" src=\"https:\/\/creawtech.it.ao\/creawtechit\/wp-content\/uploads\/2024\/11\/Novo-Projeto-9.png\" class=\"attachment-full size-full wp-image-5712\" alt=\"\" \/><\/figure><div class=\"elementor-image-box-content\"><h3 class=\"elementor-image-box-title\">Virtualiza\u00e7\u00e3o<\/h3><p class=\"elementor-image-box-description\">.<\/p><\/div><\/div>\t\t<\/div>\n\t\t\t\t<\/div>\n\t\t\t\t<\/div>\n\t\t<div class=\"elementor-element elementor-element-6a9fb0c e-con-full e-flex wpr-particle-no wpr-jarallax-no wpr-parallax-no wpr-sticky-section-no e-con e-child\" data-id=\"6a9fb0c\" data-element_type=\"container\">\n\t\t\t\t<div class=\"elementor-element elementor-element-5f642e9 elementor-position-top elementor-widget elementor-widget-image-box\" data-id=\"5f642e9\" data-element_type=\"widget\" data-widget_type=\"image-box.default\">\n\t\t\t\t<div class=\"elementor-widget-container\">\n\t\t\t<div class=\"elementor-image-box-wrapper\"><figure class=\"elementor-image-box-img\"><img loading=\"lazy\" decoding=\"async\" width=\"275\" height=\"176\" src=\"https:\/\/creawtech.it.ao\/creawtechit\/wp-content\/uploads\/2024\/11\/Novo-Projeto-10.png\" class=\"attachment-full size-full wp-image-5714\" alt=\"\" \/><\/figure><div class=\"elementor-image-box-content\"><h3 class=\"elementor-image-box-title\">Backup<\/h3><p class=\"elementor-image-box-description\">.<\/p><\/div><\/div>\t\t<\/div>\n\t\t\t\t<\/div>\n\t\t\t\t<\/div>\n\t\t\t\t\t<\/div>\n\t\t\t\t<\/div>\n\t\t<div class=\"elementor-element elementor-element-1c6759c e-flex e-con-boxed wpr-particle-no wpr-jarallax-no wpr-parallax-no wpr-sticky-section-no e-con e-parent\" data-id=\"1c6759c\" data-element_type=\"container\">\n\t\t\t\t\t<div class=\"e-con-inner\">\n\t\t\t\t<div class=\"elementor-element elementor-element-b0bf083 elementor-widget elementor-widget-spacer\" data-id=\"b0bf083\" data-element_type=\"widget\" data-widget_type=\"spacer.default\">\n\t\t\t\t<div class=\"elementor-widget-container\">\n\t\t\t\t\t<div class=\"elementor-spacer\">\n\t\t\t<div class=\"elementor-spacer-inner\"><\/div>\n\t\t<\/div>\n\t\t\t\t<\/div>\n\t\t\t\t<\/div>\n\t\t\t\t\t<\/div>\n\t\t\t\t<\/div>\n\t\t\t\t<\/div>\n\t\t","protected":false},"excerpt":{"rendered":"<p>Gest\u00e3o de Dados e Armazenamento Solu\u00e7\u00f5es mais eficientes e econ\u00f3micas ao dispor da sua Organiza\u00e7\u00e3o O armazenamento \u00e9 a prioridade na maioria dos or\u00e7amentos de TI. No entanto, muitas organiza\u00e7\u00f5es est\u00e3o a comprar pelo menos 25% mais espa\u00e7o de armazenamento do que o necess\u00e1rio e assim reduzir a optimiza\u00e7\u00e3o da efici\u00eancia de TI. As organiza\u00e7\u00f5es necessitam gerir, processar e armazenar grandes quantidades de dados complexos. A CREAWTECH.IT e a NetApp podem ajud\u00e1-lo a obter o controlo dos seus dados e enfrentar os maiores desafios de neg\u00f3cio. A CREAWTECH.IT atrav\u00e9s da sua parceria com a NetApp, cria solu\u00e7\u00f5es de armazenamento e de gest\u00e3o de dados que aumentam a efici\u00eancia e flexibilidade da sua TI. Proporciona uma infraestrutura de elevada qualidade capaz de economizar e melhorar o n\u00edvel de resposta das suas Organiza\u00e7\u00f5es. Consiga reduzir as suas despesas operacionais e de capital, enquanto supera a sua concorr\u00eancia. Com a protec\u00e7\u00e3o integrada de dados da NetApp, os nossos clientes t\u00eam disponibilidade ininterrupta de dados para ambientes de aplicativos empresariais, virtualizados e em nuvem. \u00a0 Vantagem competitiva A CREAWTECH.IT juntamente com as solu\u00e7\u00f5es NetApp permite aos seus clientes: Reduzir o espa\u00e7o f\u00edsico do Data Center; Aumentar a utiliza\u00e7\u00e3o de armazenamento e o desempenho do sistema de armazenamento; Obter um excelente ROI (Retorno Sobre o Investimento); Controlar o aumento de dados, visto que, a NetApp ajuda-o a transformar o problema da grande quantidade de dados em oportunidade, permitindo armazenar milhares de arquivos e petabytes de dados em um \u00fanico volume, com uma gest\u00e3o eficiente; Ultrapassar as limita\u00e7\u00f5es pois pode expandir a sua infra-estrutura e assim realizar projectos que requerem elevadas e complexas quantidades de dados; Ter acesso a uma equipa t\u00e9cnica local oficialmente certificada capaz de efectuar o levantamento, dimensionamento, defini\u00e7\u00e3o, instala\u00e7\u00e3o, controlo, manuten\u00e7\u00e3o e repara\u00e7\u00e3o do Portf\u00f3lio que se segue; Um maior acompanhamento e apoio pela nossa equipa de pr\u00e9-venda NetApp, em Angola. Portf\u00f3lio NETAPP Armazenamento . Protec\u00e7\u00e3o de dados . Virtualiza\u00e7\u00e3o . Backup .<\/p>\n","protected":false},"author":1,"featured_media":0,"parent":0,"menu_order":0,"comment_status":"closed","ping_status":"closed","template":"","meta":{"footnotes":""},"class_list":["post-5407","page","type-page","status-publish","hentry"],"_links":{"self":[{"href":"https:\/\/creawtech.it.ao\/creawtechit\/wp-json\/wp\/v2\/pages\/5407","targetHints":{"allow":["GET"]}}],"collection":[{"href":"https:\/\/creawtech.it.ao\/creawtechit\/wp-json\/wp\/v2\/pages"}],"about":[{"href":"https:\/\/creawtech.it.ao\/creawtechit\/wp-json\/wp\/v2\/types\/page"}],"author":[{"embeddable":true,"href":"https:\/\/creawtech.it.ao\/creawtechit\/wp-json\/wp\/v2\/users\/1"}],"replies":[{"embeddable":true,"href":"https:\/\/creawtech.it.ao\/creawtechit\/wp-json\/wp\/v2\/comments?post=5407"}],"version-history":[{"count":22,"href":"https:\/\/creawtech.it.ao\/creawtechit\/wp-json\/wp\/v2\/pages\/5407\/revisions"}],"predecessor-version":[{"id":5717,"href":"https:\/\/creawtech.it.ao\/creawtechit\/wp-json\/wp\/v2\/pages\/5407\/revisions\/5717"}],"wp:attachment":[{"href":"https:\/\/creawtech.it.ao\/creawtechit\/wp-json\/wp\/v2\/media?parent=5407"}],"curies":[{"name":"wp","href":"https:\/\/api.w.org\/{rel}","templated":true}]}}